{"id":256,"date":"2020-05-14T14:12:04","date_gmt":"2020-05-14T14:12:04","guid":{"rendered":"http:\/\/schwarzseehuette.at\/?page_id=256"},"modified":"2020-06-02T15:45:50","modified_gmt":"2020-06-02T15:45:50","slug":"lass-es-dir-schmecken","status":"publish","type":"page","link":"http:\/\/schwarzseehuette.at\/?page_id=256","title":{"rendered":"Speisekarte"},"content":{"rendered":"\n<h1 class=\"has-text-color wp-block-heading\" style=\"color:#428427\">Das schmeckt!<\/h1>\n\n\n\n<p class=\"has-normal-font-size\">In unserer Speisekarte k\u00f6nnen Sie sich schon Appetit holen. <\/p>\n\n\n\n<p class=\"has-normal-font-size\">Nach der Wanderung haben Sie sich eine St\u00e4rkung auf jeden Fall verdient.<\/p>\n\n\n\n<div class=\"wp-block-image\"><figure class=\"aligncenter size-large\"><a href=\"http:\/\/schwarzseehuette.at\/wp-content\/uploads\/2020\/05\/speisekarte_schwarzseehuette_2013_homepage.pdf\" target=\"_blank\" rel=\"noopener noreferrer\"><img loading=\"lazy\" decoding=\"async\" width=\"419\" height=\"556\" src=\"http:\/\/schwarzseehuette.at\/wp-content\/uploads\/2020\/05\/willkommen_2.jpg\" alt=\"\" class=\"wp-image-81\" srcset=\"http:\/\/schwarzseehuette.at\/wp-content\/uploads\/2020\/05\/willkommen_2.jpg 419w, http:\/\/schwarzseehuette.at\/wp-content\/uploads\/2020\/05\/willkommen_2-226x300.jpg 226w\" sizes=\"auto, (max-width: 419px) 100vw, 419px\" \/><\/a><\/figure><\/div>\n\n\n\n<div class=\"wp-block-file aligncenter\"><a href=\"http:\/\/schwarzseehuette.at\/wp-content\/uploads\/2020\/05\/speisekarte_schwarzseehuette_2013_homepage.pdf\" class=\"wp-block-file__button\" download>Unsere Speisekarte<\/a><\/div>\n\n\n\n<p class=\"has-text-align-center has-medium-font-size\">Wir freuen uns auf ein Treffen in der Schwarzseeh\u00fctte!<\/p>\n\n\n\n<figure class=\"wp-block-gallery columns-3 is-cropped wp-block-gallery-1 is-layout-flex wp-block-gallery-is-layout-flex\"><ul class=\"blocks-gallery-grid\"><li class=\"blocks-gallery-item\"><figure><img loading=\"lazy\" decoding=\"async\" width=\"300\" height=\"200\" src=\"http:\/\/schwarzseehuette.at\/wp-content\/uploads\/2020\/05\/005-300x200.jpg\" alt=\"\" data-id=\"155\" data-full-url=\"http:\/\/schwarzseehuette.at\/wp-content\/uploads\/2020\/05\/005-scaled.jpg\" data-link=\"http:\/\/schwarzseehuette.at\/?attachment_id=155\" class=\"wp-image-155\" srcset=\"http:\/\/schwarzseehuette.at\/wp-content\/uploads\/2020\/05\/005-300x200.jpg 300w, http:\/\/schwarzseehuette.at\/wp-content\/uploads\/2020\/05\/005-1024x683.jpg 1024w, http:\/\/schwarzseehuette.at\/wp-content\/uploads\/2020\/05\/005-768x512.jpg 768w, http:\/\/schwarzseehuette.at\/wp-content\/uploads\/2020\/05\/005-1536x1024.jpg 1536w, http:\/\/schwarzseehuette.at\/wp-content\/uploads\/2020\/05\/005-2048x1365.jpg 2048w, http:\/\/schwarzseehuette.at\/wp-content\/uploads\/2020\/05\/005-800x533.jpg 800w\" sizes=\"auto, (max-width: 300px) 100vw, 300px\" \/><\/figure><\/li><li class=\"blocks-gallery-item\"><figure><img loading=\"lazy\" decoding=\"async\" width=\"200\" height=\"300\" src=\"http:\/\/schwarzseehuette.at\/wp-content\/uploads\/2020\/05\/008-200x300.jpg\" alt=\"\" data-id=\"158\" data-full-url=\"http:\/\/schwarzseehuette.at\/wp-content\/uploads\/2020\/05\/008-scaled.jpg\" data-link=\"http:\/\/schwarzseehuette.at\/?attachment_id=158\" class=\"wp-image-158\" srcset=\"http:\/\/schwarzseehuette.at\/wp-content\/uploads\/2020\/05\/008-200x300.jpg 200w, http:\/\/schwarzseehuette.at\/wp-content\/uploads\/2020\/05\/008-683x1024.jpg 683w, http:\/\/schwarzseehuette.at\/wp-content\/uploads\/2020\/05\/008-768x1152.jpg 768w, http:\/\/schwarzseehuette.at\/wp-content\/uploads\/2020\/05\/008-1024x1536.jpg 1024w, http:\/\/schwarzseehuette.at\/wp-content\/uploads\/2020\/05\/008-1365x2048.jpg 1365w, http:\/\/schwarzseehuette.at\/wp-content\/uploads\/2020\/05\/008-800x1200.jpg 800w, http:\/\/schwarzseehuette.at\/wp-content\/uploads\/2020\/05\/008-scaled.jpg 1707w\" sizes=\"auto, (max-width: 200px) 100vw, 200px\" \/><\/figure><\/li><li class=\"blocks-gallery-item\"><figure><img loading=\"lazy\" decoding=\"async\" width=\"300\" height=\"169\" src=\"http:\/\/schwarzseehuette.at\/wp-content\/uploads\/2020\/05\/speckbrot_leberwurstbrot_villacher_bier-300x169.jpg\" alt=\"\" data-id=\"139\" data-full-url=\"http:\/\/schwarzseehuette.at\/wp-content\/uploads\/2020\/05\/speckbrot_leberwurstbrot_villacher_bier.jpg\" data-link=\"http:\/\/schwarzseehuette.at\/?attachment_id=139\" class=\"wp-image-139\" srcset=\"http:\/\/schwarzseehuette.at\/wp-content\/uploads\/2020\/05\/speckbrot_leberwurstbrot_villacher_bier-300x169.jpg 300w, http:\/\/schwarzseehuette.at\/wp-content\/uploads\/2020\/05\/speckbrot_leberwurstbrot_villacher_bier-768x432.jpg 768w, http:\/\/schwarzseehuette.at\/wp-content\/uploads\/2020\/05\/speckbrot_leberwurstbrot_villacher_bier.jpg 800w\" sizes=\"auto, (max-width: 300px) 100vw, 300px\" \/><\/figure><\/li><li class=\"blocks-gallery-item\"><figure><img loading=\"lazy\" decoding=\"async\" width=\"200\" height=\"300\" src=\"http:\/\/schwarzseehuette.at\/wp-content\/uploads\/2020\/05\/hadnroulade-200x300.jpg\" alt=\"\" data-id=\"83\" data-full-url=\"http:\/\/schwarzseehuette.at\/wp-content\/uploads\/2020\/05\/hadnroulade.jpg\" data-link=\"http:\/\/schwarzseehuette.at\/?attachment_id=83\" class=\"wp-image-83\" srcset=\"http:\/\/schwarzseehuette.at\/wp-content\/uploads\/2020\/05\/hadnroulade-200x300.jpg 200w, http:\/\/schwarzseehuette.at\/wp-content\/uploads\/2020\/05\/hadnroulade.jpg 300w\" sizes=\"auto, (max-width: 200px) 100vw, 200px\" \/><\/figure><\/li><li class=\"blocks-gallery-item\"><figure><img loading=\"lazy\" decoding=\"async\" width=\"200\" height=\"300\" src=\"http:\/\/schwarzseehuette.at\/wp-content\/uploads\/2020\/05\/selchwurst-200x300.jpg\" alt=\"\" data-id=\"89\" data-full-url=\"http:\/\/schwarzseehuette.at\/wp-content\/uploads\/2020\/05\/selchwurst.jpg\" data-link=\"http:\/\/schwarzseehuette.at\/?attachment_id=89\" class=\"wp-image-89\" srcset=\"http:\/\/schwarzseehuette.at\/wp-content\/uploads\/2020\/05\/selchwurst-200x300.jpg 200w, http:\/\/schwarzseehuette.at\/wp-content\/uploads\/2020\/05\/selchwurst.jpg 300w\" sizes=\"auto, (max-width: 200px) 100vw, 200px\" \/><\/figure><\/li><li class=\"blocks-gallery-item\"><figure><img loading=\"lazy\" decoding=\"async\" width=\"200\" height=\"300\" src=\"http:\/\/schwarzseehuette.at\/wp-content\/uploads\/2020\/05\/kaesebrot-200x300.jpg\" alt=\"\" data-id=\"85\" data-full-url=\"http:\/\/schwarzseehuette.at\/wp-content\/uploads\/2020\/05\/kaesebrot.jpg\" data-link=\"http:\/\/schwarzseehuette.at\/?attachment_id=85\" class=\"wp-image-85\" srcset=\"http:\/\/schwarzseehuette.at\/wp-content\/uploads\/2020\/05\/kaesebrot-200x300.jpg 200w, http:\/\/schwarzseehuette.at\/wp-content\/uploads\/2020\/05\/kaesebrot.jpg 300w\" sizes=\"auto, (max-width: 200px) 100vw, 200px\" \/><\/figure><\/li><\/ul><\/figure>\n","protected":false},"excerpt":{"rendered":"<p>Das schmeckt! In unserer Speisekarte k\u00f6nnen Sie sich schon Appetit holen. Nach der Wanderung haben Sie sich eine St\u00e4rkung auf jeden Fall verdient. Wir freuen uns auf ein Treffen in der Schwarzseeh\u00fctte!<\/p>\n","protected":false},"author":1,"featured_media":0,"parent":0,"menu_order":0,"comment_status":"closed","ping_status":"closed","template":"","meta":{"footnotes":""},"class_list":["post-256","page","type-page","status-publish","hentry"],"_links":{"self":[{"href":"http:\/\/schwarzseehuette.at\/index.php?rest_route=\/wp\/v2\/pages\/256","targetHints":{"allow":["GET"]}}],"collection":[{"href":"http:\/\/schwarzseehuette.at\/index.php?rest_route=\/wp\/v2\/pages"}],"about":[{"href":"http:\/\/schwarzseehuette.at\/index.php?rest_route=\/wp\/v2\/types\/page"}],"author":[{"embeddable":true,"href":"http:\/\/schwarzseehuette.at\/index.php?rest_route=\/wp\/v2\/users\/1"}],"replies":[{"embeddable":true,"href":"http:\/\/schwarzseehuette.at\/index.php?rest_route=%2Fwp%2Fv2%2Fcomments&post=256"}],"version-history":[{"count":12,"href":"http:\/\/schwarzseehuette.at\/index.php?rest_route=\/wp\/v2\/pages\/256\/revisions"}],"predecessor-version":[{"id":374,"href":"http:\/\/schwarzseehuette.at\/index.php?rest_route=\/wp\/v2\/pages\/256\/revisions\/374"}],"wp:attachment":[{"href":"http:\/\/schwarzseehuette.at\/index.php?rest_route=%2Fwp%2Fv2%2Fmedia&parent=256"}],"curies":[{"name":"wp","href":"https:\/\/api.w.org\/{rel}","templated":true}]}}