{"id":279,"date":"2020-05-14T15:49:29","date_gmt":"2020-05-14T15:49:29","guid":{"rendered":"http:\/\/schwarzseehuette.at\/?page_id=279"},"modified":"2020-05-15T09:06:47","modified_gmt":"2020-05-15T09:06:47","slug":"impressum","status":"publish","type":"page","link":"http:\/\/schwarzseehuette.at\/?page_id=279","title":{"rendered":"Impressum"},"content":{"rendered":"\n<p>Christine und Wolfgang Pirker<br>Berg ob Afritz 9<br>9542 Afritz am See<br>K\u00e4rnten \/ \u00d6sterreich<\/p>\n\n\n\n<p>Schwarzseeh\u00fctte &#8211; Gastronomie<\/p>\n\n\n\n<p>Telefon: +43 (0)650 2330042<br>E-Mail: <a href=\"mailto:positzer@gmx.at\">positzer@gmx.at<\/a><\/p>\n\n\n\n<p>UID Nr:<\/p>\n\n\n\n<p>Mitglied der Wirtschaftskammer &#8211; Wirtschaftskammer K\u00e4rnten &#8211; Sparte Gastronomie<\/p>\n\n\n\n<p>Gewerbeordnung: www.ris.bka.gv.at<\/p>\n\n\n\n<p>Bezirkshauptmannschaft Villach<\/p>\n\n\n\n<p>Verbraucher haben die M\u00f6glichkeit,<br>Beschwerden an die OnlineStreitbeilegungsplattform der EU zu<br>richten: http:\/\/ec.europa.eu\/odr.<br>Sie k\u00f6nnen allf\u00e4llige Beschwerde auch an<br>die oben angegebene E-Mail-Adresse<br>richten.<\/p>\n\n\n\n<p>Unser Anliegen: Die Schwarzseeh\u00fctte und unseren Hof in Afritz am See pr\u00e4sentieren.<\/p>\n\n\n\n<p>Fotos: Schwarzseeh\u00fctte und Tourismusregion Villach \/ Faaker See \/ Ossiacher See<\/p>\n","protected":false},"excerpt":{"rendered":"<p>Christine und Wolfgang PirkerBerg ob Afritz 99542 Afritz am SeeK\u00e4rnten \/ \u00d6sterreich Schwarzseeh\u00fctte &#8211; Gastronomie Telefon: +43 (0)650 2330042E-Mail: positzer@gmx.at UID Nr: Mitglied der Wirtschaftskammer &#8211; Wirtschaftskammer K\u00e4rnten &#8211; Sparte Gastronomie Gewerbeordnung: www.ris.bka.gv.at Bezirkshauptmannschaft Villach Verbraucher haben die M\u00f6glichkeit,Beschwerden an die OnlineStreitbeilegungsplattform der EU zurichten: http:\/\/ec.europa.eu\/odr.Sie k\u00f6nnen allf\u00e4llige Beschwerde auch andie oben angegebene E-Mail-Adresserichten. Unser Anliegen: Die Schwarzseeh\u00fctte und unseren Hof in Afritz am See pr\u00e4sentieren. Fotos: Schwarzseeh\u00fctte und Tourismusregion Villach \/ Faaker See \/ Ossiacher&hellip;<\/p>\n","protected":false},"author":1,"featured_media":0,"parent":0,"menu_order":0,"comment_status":"closed","ping_status":"closed","template":"","meta":{"footnotes":""},"class_list":["post-279","page","type-page","status-publish","hentry"],"_links":{"self":[{"href":"http:\/\/schwarzseehuette.at\/index.php?rest_route=\/wp\/v2\/pages\/279","targetHints":{"allow":["GET"]}}],"collection":[{"href":"http:\/\/schwarzseehuette.at\/index.php?rest_route=\/wp\/v2\/pages"}],"about":[{"href":"http:\/\/schwarzseehuette.at\/index.php?rest_route=\/wp\/v2\/types\/page"}],"author":[{"embeddable":true,"href":"http:\/\/schwarzseehuette.at\/index.php?rest_route=\/wp\/v2\/users\/1"}],"replies":[{"embeddable":true,"href":"http:\/\/schwarzseehuette.at\/index.php?rest_route=%2Fwp%2Fv2%2Fcomments&post=279"}],"version-history":[{"count":2,"href":"http:\/\/schwarzseehuette.at\/index.php?rest_route=\/wp\/v2\/pages\/279\/revisions"}],"predecessor-version":[{"id":308,"href":"http:\/\/schwarzseehuette.at\/index.php?rest_route=\/wp\/v2\/pages\/279\/revisions\/308"}],"wp:attachment":[{"href":"http:\/\/schwarzseehuette.at\/index.php?rest_route=%2Fwp%2Fv2%2Fmedia&parent=279"}],"curies":[{"name":"wp","href":"https:\/\/api.w.org\/{rel}","templated":true}]}}

<p>Christine und Wolfgang Pirker<br>Berg ob Afritz 9<br>9542 Afritz am See<br>Kärnten / Österreich</p>



<p>Schwarzseehütte &#8211; Gastronomie</p>



<p>Telefon: +43 (0)650 2330042<br>E-Mail: <a href="mailto:positzer@gmx.at">positzer@gmx.at</a></p>



<p>UID Nr:</p>



<p>Mitglied der Wirtschaftskammer &#8211; Wirtschaftskammer Kärnten &#8211; Sparte Gastronomie</p>



<p>Gewerbeordnung: www.ris.bka.gv.at</p>



<p>Bezirkshauptmannschaft Villach</p>



<p>Verbraucher haben die Möglichkeit,<br>Beschwerden an die OnlineStreitbeilegungsplattform der EU zu<br>richten: http://ec.europa.eu/odr.<br>Sie können allfällige Beschwerde auch an<br>die oben angegebene E-Mail-Adresse<br>richten.</p>



<p>Unser Anliegen: Die Schwarzseehütte und unseren Hof in Afritz am See präsentieren.</p>



<p>Fotos: Schwarzseehütte und Tourismusregion Villach / Faaker See / Ossiacher See</p>

<p>Christine und Wolfgang PirkerBerg ob Afritz 99542 Afritz am SeeKärnten / Österreich Schwarzseehütte &#8211; Gastronomie Telefon: +43 (0)650 2330042E-Mail: positzer@gmx.at UID Nr: Mitglied der Wirtschaftskammer &#8211; Wirtschaftskammer Kärnten &#8211; Sparte Gastronomie Gewerbeordnung: www.ris.bka.gv.at Bezirkshauptmannschaft Villach Verbraucher haben die Möglichkeit,Beschwerden an die OnlineStreitbeilegungsplattform der EU zurichten: http://ec.europa.eu/odr.Sie können allfällige Beschwerde auch andie oben angegebene E-Mail-Adresserichten. Unser Anliegen: Die Schwarzseehütte und unseren Hof in Afritz am See präsentieren. Fotos: Schwarzseehütte und Tourismusregion Villach / Faaker See / Ossiacher&hellip;</p>
